{"id":902,"date":"2023-01-07T19:05:40","date_gmt":"2023-01-07T19:05:40","guid":{"rendered":"http:\/\/huta-pfotenfreunde.de\/?page_id=902"},"modified":"2026-01-07T08:50:23","modified_gmt":"2026-01-07T08:50:23","slug":"seminare-workshops","status":"publish","type":"page","link":"https:\/\/huta-pfotenfreunde.de\/?page_id=902","title":{"rendered":"Seminare\/Social Walks\/Sozialkontaktstunden"},"content":{"rendered":"\n<p>Termine f\u00fcr Seminate aktuell noch in Planung, sobald die Termine feststehen, erfahrt ihr es hier und bei Social Media<\/p>\n\n\n\n<p><\/p>\n\n\n\n<hr class=\"wp-block-separator has-alpha-channel-opacity\"\/>\n\n\n\n<p>SOCIAL WALK &#8211; Gemeinsam unterwegs mit unseren Hunden<\/p>\n\n\n\n<p>Du m\u00f6chtest mit deinem Hund in entspannter Atmosph\u00e4re spazieren gehen und dabei andere Hundehalter kennenlernen? Oder einfach an euren Baustellen entspannt arbeiten? Dann ist unser Social Walk genau das Richtige f\u00fcr dich!<\/p>\n\n\n\n<p>Was dich erwartet:<\/p>\n\n\n\n<p>Bei einem gef\u00fchrten Spaziergang in einer kleinen Gruppe arbeiten wir gemeinsam an ruhigem Verhalten an der Leine, st\u00e4rken die Orientierung am Menschen und f\u00f6rdern die soziale Vertr\u00e4glichkeit unserer Hunde &#8211; ganz ohne direkten Hundekontakt. <\/p>\n\n\n\n<p>Der Fokus liegt auf einem entspannten Miteinander, R\u00fccksichtnahme und positiver Best\u00e4rkung.<\/p>\n\n\n\n<p>F\u00fcr wen ist der Social Walk geeignet?<\/p>\n\n\n\n<ul class=\"wp-block-list\">\n<li>F\u00fcr Hunde jeden Alters (egal ob Welpen, Junghund oder Senior)<\/li>\n\n\n\n<li>F\u00fcr sozial unsichere, reaktive oder einfach neugierige Hunde<\/li>\n\n\n\n<li>F\u00fcr Halter, die an lockerer Leinenf\u00fchrung und Alltagstraining interessiert sind<\/li>\n\n\n\n<li><\/li>\n<\/ul>\n\n\n\n<p>Anmeldung: \u00dcber unser Kontaktformular oder per E-Mail an info@huta-pfotenfreunde.de Bitte Social Walk als Betreff angeben<\/p>\n\n\n\n<p>Wir freuen uns auf euch und eure Vierbeiner <\/p>\n\n\n\n<figure class=\"wp-block-image size-large\"><img fetchpriority=\"high\" decoding=\"async\" width=\"472\" height=\"1024\" src=\"https:\/\/huta-pfotenfreunde.de\/wp-content\/uploads\/2026\/01\/IMG_6238-472x1024.png\" alt=\"\" class=\"wp-image-946\" srcset=\"https:\/\/huta-pfotenfreunde.de\/wp-content\/uploads\/2026\/01\/IMG_6238-472x1024.png 472w, https:\/\/huta-pfotenfreunde.de\/wp-content\/uploads\/2026\/01\/IMG_6238-138x300.png 138w, https:\/\/huta-pfotenfreunde.de\/wp-content\/uploads\/2026\/01\/IMG_6238-768x1665.png 768w, https:\/\/huta-pfotenfreunde.de\/wp-content\/uploads\/2026\/01\/IMG_6238-709x1536.png 709w, https:\/\/huta-pfotenfreunde.de\/wp-content\/uploads\/2026\/01\/IMG_6238-945x2048.png 945w, https:\/\/huta-pfotenfreunde.de\/wp-content\/uploads\/2026\/01\/IMG_6238-1140x2471.png 1140w, https:\/\/huta-pfotenfreunde.de\/wp-content\/uploads\/2026\/01\/IMG_6238.png 1179w\" sizes=\"(max-width: 472px) 100vw, 472px\" \/><\/figure>\n\n\n\n<p><strong><mark style=\"background-color:rgba(0, 0, 0, 0)\" class=\"has-inline-color has-vivid-red-color\">AUSGEBUCHT!!!!<\/mark><\/strong><\/p>\n\n\n\n<figure class=\"wp-block-image size-large\"><img decoding=\"async\" width=\"826\" height=\"1024\" src=\"https:\/\/huta-pfotenfreunde.de\/wp-content\/uploads\/2026\/01\/IMG_99A7EAAF0906-1-826x1024.jpeg\" alt=\"\" class=\"wp-image-947\" srcset=\"https:\/\/huta-pfotenfreunde.de\/wp-content\/uploads\/2026\/01\/IMG_99A7EAAF0906-1-826x1024.jpeg 826w, https:\/\/huta-pfotenfreunde.de\/wp-content\/uploads\/2026\/01\/IMG_99A7EAAF0906-1-242x300.jpeg 242w, https:\/\/huta-pfotenfreunde.de\/wp-content\/uploads\/2026\/01\/IMG_99A7EAAF0906-1-768x952.jpeg 768w, https:\/\/huta-pfotenfreunde.de\/wp-content\/uploads\/2026\/01\/IMG_99A7EAAF0906-1-1140x1414.jpeg 1140w, https:\/\/huta-pfotenfreunde.de\/wp-content\/uploads\/2026\/01\/IMG_99A7EAAF0906-1.jpeg 1179w\" sizes=\"(max-width: 826px) 100vw, 826px\" \/><\/figure>\n\n\n\n<p>Noch wenige Pl\u00e4tze frei<\/p>\n\n\n\n<figure class=\"wp-block-image size-large\"><img decoding=\"async\" width=\"727\" height=\"1024\" src=\"https:\/\/huta-pfotenfreunde.de\/wp-content\/uploads\/2026\/01\/IMG_15EC68036C90-1-727x1024.jpeg\" alt=\"\" class=\"wp-image-948\" srcset=\"https:\/\/huta-pfotenfreunde.de\/wp-content\/uploads\/2026\/01\/IMG_15EC68036C90-1-727x1024.jpeg 727w, https:\/\/huta-pfotenfreunde.de\/wp-content\/uploads\/2026\/01\/IMG_15EC68036C90-1-213x300.jpeg 213w, https:\/\/huta-pfotenfreunde.de\/wp-content\/uploads\/2026\/01\/IMG_15EC68036C90-1-768x1081.jpeg 768w, https:\/\/huta-pfotenfreunde.de\/wp-content\/uploads\/2026\/01\/IMG_15EC68036C90-1-1091x1536.jpeg 1091w, https:\/\/huta-pfotenfreunde.de\/wp-content\/uploads\/2026\/01\/IMG_15EC68036C90-1-1140x1605.jpeg 1140w, https:\/\/huta-pfotenfreunde.de\/wp-content\/uploads\/2026\/01\/IMG_15EC68036C90-1.jpeg 1179w\" sizes=\"(max-width: 727px) 100vw, 727px\" \/><\/figure>\n","protected":false},"excerpt":{"rendered":"<p>Termine f\u00fcr Seminate aktuell noch in Planung, sobald die Termine feststehen, erfahrt ihr es hier und bei Social Media SOCIAL WALK &#8211; Gemeinsam unterwegs mit unseren Hunden Du m\u00f6chtest mit deinem Hund in entspannter Atmosph\u00e4re spazieren gehen und dabei andere Hundehalter kennenlernen? Oder einfach an euren Baustellen entspannt arbeiten? Dann ist unser Social Walk genau das Richtige f\u00fcr dich! Was dich erwartet: Bei einem gef\u00fchrten Spaziergang in einer kleinen Gruppe arbeiten wir gemeinsam an ruhigem Verhalten an der Leine, st\u00e4rken die Orientierung am Menschen und f\u00f6rdern die soziale Vertr\u00e4glichkeit unserer Hunde &#8211; ganz ohne direkten Hundekontakt. Der Fokus liegt auf einem entspannten Miteinander, R\u00fccksichtnahme und positiver Best\u00e4rkung. F\u00fcr wen ist der Social Walk geeignet? Anmeldung: \u00dcber unser Kontaktformular oder per E-Mail an info@huta-pfotenfreunde.de Bitte Social Walk als Betreff angeben Wir freuen uns auf euch und eure Vierbeiner AUSGEBUCHT!!!! Noch wenige Pl\u00e4tze frei<\/p>\n","protected":false},"author":1,"featured_media":0,"parent":0,"menu_order":0,"comment_status":"closed","ping_status":"closed","template":"","meta":{"footnotes":""},"class_list":["post-902","page","type-page","status-publish","hentry"],"_links":{"self":[{"href":"https:\/\/huta-pfotenfreunde.de\/index.php?rest_route=\/wp\/v2\/pages\/902","targetHints":{"allow":["GET"]}}],"collection":[{"href":"https:\/\/huta-pfotenfreunde.de\/index.php?rest_route=\/wp\/v2\/pages"}],"about":[{"href":"https:\/\/huta-pfotenfreunde.de\/index.php?rest_route=\/wp\/v2\/types\/page"}],"author":[{"embeddable":true,"href":"https:\/\/huta-pfotenfreunde.de\/index.php?rest_route=\/wp\/v2\/users\/1"}],"replies":[{"embeddable":true,"href":"https:\/\/huta-pfotenfreunde.de\/index.php?rest_route=%2Fwp%2Fv2%2Fcomments&post=902"}],"version-history":[{"count":8,"href":"https:\/\/huta-pfotenfreunde.de\/index.php?rest_route=\/wp\/v2\/pages\/902\/revisions"}],"predecessor-version":[{"id":950,"href":"https:\/\/huta-pfotenfreunde.de\/index.php?rest_route=\/wp\/v2\/pages\/902\/revisions\/950"}],"wp:attachment":[{"href":"https:\/\/huta-pfotenfreunde.de\/index.php?rest_route=%2Fwp%2Fv2%2Fmedia&parent=902"}],"curies":[{"name":"wp","href":"https:\/\/api.w.org\/{rel}","templated":true}]}}